Jeśli jesteś właścicielem tej strony, możesz wyłączyć reklamę poniżej zmieniając pakiet na PRO lub VIP w panelu naszego hostingu już od 4zł!

NOAA-Style Climate Reports

Select a Year or Month report
2017: Sty Lut Mar Kwi Maj Cze Lip Sie Wrz Paź Lis Gru
2016: Sty Lut Mar Kwi Maj Cze Lip Sie Wrz Paź Lis Gru
2015: Sty Lut Mar Kwi Maj Cze Lip Sie Wrz Paź Lis Gru
2014: Sty Lut Mar Kwi Maj Cze Lip Sie Wrz Paź Lis Gru
2013: Sty Lut Mar Kwi Maj Cze Lip Sie Wrz Paź Lis Gru
2012: Sty Lut Mar Kwi Maj Cze Lip Sie Wrz Paź Lis Gru

Raport dla 2014 Lipiec
                   Monthly Climatological Summary for lip 2014

Name: Pogoda-Smolec   City: Smolec   State: Dolnyslask
Elevation: 121 m  Lat: N 51° 05' 13"   Lon: E 016° 54' 22"

                  Temperature (°C), Rain (mm), Wind Speed (km/h)

                                      Heat  Cool        Avg
    Mean                              Deg   Deg         Wind                 Dom
Day Temp  High   Time   Low    Time   Days  Days  Rain  Speed High   Time    Dir
----------------------------------------------------------------------------------
 1  15,7  21,3   13:59  10,3   05:08   3,0   0,4   0,0   4,6  25,6   10:19   WNW
 2  16,6  24,7   13:39   9,1   04:46   3,1   1,4   0,9   1,7  33,1   15:08     W
 3  18,9  25,4   16:49  10,9   04:53   1,9   2,6   0,0   4,8  22,0   11:06   WNW
 4  22,1  29,9   14:53  11,7   05:02   1,5   5,2   0,0   5,4  28,1   13:07     S
 5  21,3  27,8   14:07  15,9   05:04   0,5   3,6   0,6   4,1  23,4   11:06   SSE
 6  23,8  29,9   13:08  18,0   02:38   0,0   5,5   0,0   3,5  22,0   15:38   SSW
 7  25,6  33,9   15:35  18,1   04:51   0,0   7,3   0,0   2,8  18,4   17:56   SSE
 8  23,4  32,1   13:31  17,8   04:57   0,0   5,2   0,0   4,6  33,1   13:19    SE
 9  20,6  26,5   12:19  15,9   23:54   0,2   2,5  11,4   5,2  22,0   10:30     S
10  18,2  24,0   17:49  14,3   05:14   1,4   1,3  12,3   3,0  17,3   04:04    SW
11  20,9  26,6   14:47  15,8   23:57   0,6   3,2   0,3   5,6  27,0   12:19   NNE
12  19,2  25,4   16:57  13,0   04:52   1,3   2,2   0,0   3,8  19,4   18:57    NW
13  19,2  26,3   16:42  12,4   05:07   1,6   2,5   0,0   3,5  25,6   19:44   SSW
14  22,1  28,7   15:41  14,7   04:02   0,6   4,6   0,0   5,5  23,4   12:27    SW
15  21,9  28,5   13:12  15,4   04:56   0,5   4,1   0,0   2,4  22,0   15:00   WNW
----------------------------------------------------------------------------------
    20,6  33,9     7     9,1     2    16,2  51,6  25,5   3,9  33,1     2      SW

Max >=  27,0:  7
Max <=   0,0:  0
Min <=   0,0:  0
Min <= -18,0:  0
Max Rain: 12,3 on day 10
Days of Rain: 5 (>= 0,2 mm)  2 (>= 2,0 mm)  0 (>= 20,0 mm)
Heat Base: 18,3  Cool Base: 18,3  Method: Integration