Jeśli jesteś właścicielem tej strony, możesz wyłączyć reklamę poniżej zmieniając pakiet na PRO lub VIP w panelu naszego hostingu już od 4zł!

NOAA-Style Climate Reports

Select a Year or Month report
2017: Sty Lut Mar Kwi Maj Cze Lip Sie Wrz Paź Lis Gru
2016: Sty Lut Mar Kwi Maj Cze Lip Sie Wrz Paź Lis Gru
2015: Sty Lut Mar Kwi Maj Cze Lip Sie Wrz Paź Lis Gru
2014: Sty Lut Mar Kwi Maj Cze Lip Sie Wrz Paź Lis Gru
2013: Sty Lut Mar Kwi Maj Cze Lip Sie Wrz Paź Lis Gru
2012: Sty Lut Mar Kwi Maj Cze Lip Sie Wrz Paź Lis Gru

Raport dla 2014 Czerwiec
                   Monthly Climatological Summary for cze 2014

Name: Pogoda-Smolec   City: Smolec   State: Dolnyslask
Elevation: 121 m  Lat: N 51° 05' 13"   Lon: E 016° 54' 22"

                  Temperature (°C), Rain (mm), Wind Speed (km/h)

                                      Heat  Cool        Avg
    Mean                              Deg   Deg         Wind                 Dom
Day Temp  High   Time   Low    Time   Days  Days  Rain  Speed High   Time    Dir
----------------------------------------------------------------------------------
 1  15,2  20,7   15:51   8,4   05:08   3,5   0,4   0,0   5,6  28,1   11:11     N
 2  12,6  16,3   11:59   9,6   06:11   5,7   0,0   2,1   5,2  24,5   10:34   NNW
 3  13,0  15,5   12:08  11,1   04:46   5,3   0,0   6,0   3,6  15,8   10:25   WNW
 4  15,9  21,6   17:04  11,3   04:39   2,9   0,6   1,8   2,4  14,8   12:40   SSE
 5  17,5  23,2   17:36  10,3   05:03   2,2   1,4   0,0   2,7  19,4   14:25    SW
 6  18,6  24,7   15:55   9,4   05:15   2,2   2,5   0,0   2,1  18,4   13:16    NW
 7  20,0  27,1   15:29  10,7   05:03   1,9   3,6   0,0   3,4  19,4   15:03   SSE
 8  23,9  32,1   15:23  13,1   04:36   1,0   6,5   0,0   2,0  13,3   15:57   SSE
 9  26,5  34,6   17:18  16,0   05:09   0,2   8,4   0,0   2,2  12,2   13:28    NE
10  25,3  31,3   16:38  18,0   05:05   0,0   7,0   0,0   3,2  31,7   12:30    NE
11  24,7  31,7   15:05  17,3   04:40   0,1   6,5   0,0   3,1  20,9   16:08    SE
12  21,1  25,7   15:29  15,6   23:51   0,2   3,0   0,0   7,3  29,5   11:21   NNW
13  16,2  20,6   10:41  11,3   04:54   2,6   0,4   0,0   6,6  36,7   16:30    NW
14  14,9  19,7   15:29  11,8   23:53   3,5   0,0   2,4   6,5  36,7   15:39    NW
15  14,4  19,5   15:53   8,7   04:49   4,0   0,1   0,0   4,6  27,0   11:20   NNW
16  16,8  23,2   14:44   8,5   04:55   3,1   1,6   0,0   3,5  25,6   11:21   NNW
17  17,2  24,3   14:15  10,4   02:38   2,7   1,6   0,0   2,8  18,4   16:58    NW
18  18,5  25,1   15:19  10,3   05:00   2,3   2,5   0,0   3,2  23,4   14:32   NNW
19  16,7  22,1   14:31  10,1   04:21   2,5   1,0   0,0   8,2  37,8   14:46    NW
20  14,9  18,9   18:20  12,3   04:00   3,4   0,0   0,0   6,5  29,5   09:30    NW
21  14,4  17,6   15:18  12,2   05:55   3,9   0,0   0,0   7,8  33,1   13:36   WNW
22  15,6  20,5   16:43  12,5   03:02   2,9   0,2   0,3   8,2  39,2   15:26    NW
23  15,6  20,9   15:43  10,8   05:32   3,2   0,5   0,3   6,2  34,2   10:40    NW
24  14,9  21,3   14:56   8,3   04:22   3,9   0,5   0,6   3,7  29,5   19:06    NW
25  12,4  16,8   14:16   8,0   04:35   5,9   0,0   8,7   2,8  20,9   16:58   ENE
26  15,2  21,5   16:38  10,8   05:00   3,6   0,5   1,5   4,4  18,4   04:22     N
27  17,2  23,9   17:33   8,0   03:57   3,0   1,9   0,0   2,7  23,4   15:30   SSE
28  19,0  26,5   17:08  12,8   04:54   1,4   2,1   0,3   2,8  17,3   17:58   SSE
29  19,5  24,6   13:21  15,9   04:36   0,6   1,8   1,5   5,2  27,0   13:59   SSW
30  15,7  19,5   15:59  13,0   23:58   2,6   0,0   3,3   4,2  25,6   00:09    NW
----------------------------------------------------------------------------------
    17,4  34,6     9     8,0    25    80,3  54,6  28,8   4,3  39,2    22      NW

Max >=  27,0:  5
Max <=   0,0:  0
Min <=   0,0:  0
Min <= -18,0:  0
Max Rain: 8,7 on day 25
Days of Rain: 12 (>= 0,2 mm)  5 (>= 2,0 mm)  0 (>= 20,0 mm)
Heat Base: 18,3  Cool Base: 18,3  Method: Integration