Jeśli jesteś właścicielem tej strony, możesz wyłączyć reklamę poniżej zmieniając pakiet na PRO lub VIP w panelu naszego hostingu już od 4zł!

NOAA-Style Climate Reports

Select a Year or Month report
2017: Sty Lut Mar Kwi Maj Cze Lip Sie Wrz Paź Lis Gru
2016: Sty Lut Mar Kwi Maj Cze Lip Sie Wrz Paź Lis Gru
2015: Sty Lut Mar Kwi Maj Cze Lip Sie Wrz Paź Lis Gru
2014: Sty Lut Mar Kwi Maj Cze Lip Sie Wrz Paź Lis Gru
2013: Sty Lut Mar Kwi Maj Cze Lip Sie Wrz Paź Lis Gru
2012: Sty Lut Mar Kwi Maj Cze Lip Sie Wrz Paź Lis Gru

Raport dla 2014 Maj
                   Monthly Climatological Summary for maj 2014

Name: Pogoda-Smolec   City: Smolec   State: Dolnyslask
Elevation: 121 m  Lat: N 51° 05' 13"   Lon: E 016° 54' 22"

                  Temperature (°C), Rain (mm), Wind Speed (km/h)

                                      Heat  Cool        Avg
    Mean                              Deg   Deg         Wind                 Dom
Day Temp  High   Time   Low    Time   Days  Days  Rain  Speed High   Time    Dir
----------------------------------------------------------------------------------
 1  15,4  23,8   12:45  10,9   05:29   3,7   0,8   1,5   2,4  24,5   14:44     W
 2   7,0  11,8   00:00   5,6   23:51  11,3   0,0   6,9   5,9  25,6   00:52   NNE
 3   4,8   8,6   19:15   2,1   23:58  13,5   0,0   7,2   5,6  23,4   04:37   NNE
 4   6,6  13,6   11:52   0,4   03:28  11,7   0,0   0,3   5,9  31,7   13:35    NW
 5   8,3  14,7   17:39   0,4   05:28  10,1   0,0   0,0   2,6  18,4   12:50   WNW
 6  12,0  19,5   16:31   2,4   02:51   6,4   0,1   0,0   3,4  20,9   13:22   SSE
 7  14,1  18,1   10:11  11,4   21:02   4,2   0,0   6,0   4,9  28,1   17:48     S
 8  13,6  18,5   16:15   8,5   05:44   4,7   0,0   1,8   4,0  23,4   16:39    SW
 9  16,0  21,7   17:43  11,9   00:20   2,8   0,6   1,5   5,8  33,1   09:45   SSW
10  14,5  19,1   17:34  10,1   06:24   3,8   0,0   0,6   6,5  31,7   08:09   WNW
11  14,5  19,6   13:24   9,8   23:31   3,8   0,0   1,2   6,6  34,2   18:48    SW
12  11,5  16,6   13:53   7,7   04:31   6,9   0,0   2,1   6,0  30,6   14:58   WNW
13  11,6  17,4   15:59   7,6   05:17   6,7   0,0   0,0   5,2  35,6   16:15     W
14  10,4  15,4   15:24   6,4   02:27   7,9   0,0   0,0   6,7  28,1   10:34    NW
15  11,0  16,8   15:30   5,0   04:32   7,2   0,0   0,0  12,0  43,9   15:40     N
16   9,5  11,6   00:00   8,5   11:36   8,8   0,0  18,9  13,5  39,2   12:46     N
17   9,7  12,5   17:53   7,5   23:56   8,6   0,0  12,0   5,0  31,7   11:51   NNW
18  12,1  17,2   16:49   6,8   01:22   6,2   0,0   3,6   3,8  23,4   16:20   SSE
19  16,2  23,1   17:05  10,2   03:28   3,2   1,1   0,0   6,0  27,0   09:50   SSE
20  19,3  26,5   16:19  11,2   05:38   2,1   3,1   0,0   3,0  18,4   10:28   SSE
21  20,3  27,5   16:07  10,5   04:41   1,7   3,7   0,0   3,8  23,4   15:54   SSE
22  22,1  28,2   15:13  15,0   04:33   0,7   4,5   0,0   6,5  33,1   15:19   SSE
23  23,1  29,7   14:46  16,6   05:00   0,3   5,0   0,0   7,2  33,1   14:30   SSE
24  18,7  23,4   11:40  14,8   23:58   0,8   1,2   6,6   2,6  19,4   21:29   WNW
25  18,7  25,0   15:39  12,2   05:29   1,7   2,2   0,3   4,0  19,4   14:17   NNW
26  19,3  25,1   16:08  12,4   03:42   1,4   2,5   0,0   3,5  20,9   13:50    NE
27  18,1  25,0   14:54  15,6   04:47   1,4   1,1  23,1   2,3  24,5   15:57    NE
28  15,2  18,5   13:13  11,2   23:56   3,1   0,0   1,5   5,3  22,0   23:43   NNE
29   9,3  11,2   00:00   8,0   11:26   9,0   0,0   5,1   5,7  23,4   16:24     N
30  12,4  18,4   16:43   7,5   03:45   5,9   0,0   0,3   4,5  27,0   13:20     N
31  15,6  22,2   15:32   7,3   05:15   3,7   1,0   0,0   5,1  33,1   11:27    NW
----------------------------------------------------------------------------------
    13,9  29,7    23     0,4     4   163,3  26,9 100,5   5,3  43,9    15      NW

Max >=  27,0:  3
Max <=   0,0:  0
Min <=   0,0:  0
Min <= -18,0:  0
Max Rain: 23,1 on day 27
Days of Rain: 19 (>= 0,2 mm)  10 (>= 2,0 mm)  1 (>= 20,0 mm)
Heat Base: 18,3  Cool Base: 18,3  Method: Integration