Jeśli jesteś właścicielem tej strony, możesz wyłączyć reklamę poniżej zmieniając pakiet na PRO lub VIP w panelu naszego hostingu już od 4zł!

NOAA-Style Climate Reports

Select a Year or Month report
2017: Sty Lut Mar Kwi Maj Cze Lip Sie Wrz Paź Lis Gru
2016: Sty Lut Mar Kwi Maj Cze Lip Sie Wrz Paź Lis Gru
2015: Sty Lut Mar Kwi Maj Cze Lip Sie Wrz Paź Lis Gru
2014: Sty Lut Mar Kwi Maj Cze Lip Sie Wrz Paź Lis Gru
2013: Sty Lut Mar Kwi Maj Cze Lip Sie Wrz Paź Lis Gru
2012: Sty Lut Mar Kwi Maj Cze Lip Sie Wrz Paź Lis Gru

Raport dla 2014 Kwiecień
                   Monthly Climatological Summary for kwi 2014

Name: Pogoda-Smolec   City: Smolec   State: Dolnyslask
Elevation: 121 m  Lat: N 51° 05' 13"   Lon: E 016° 54' 22"

                  Temperature (°C), Rain (mm), Wind Speed (km/h)

                                      Heat  Cool        Avg
    Mean                              Deg   Deg         Wind                 Dom
Day Temp  High   Time   Low    Time   Days  Days  Rain  Speed High   Time    Dir
----------------------------------------------------------------------------------
 1   8,8  15,3   14:11   2,1   06:49   9,5   0,0   0,0   3,7  20,9   13:39     N
 2   8,3  15,0   15:56   2,7   06:39  10,0   0,0   0,0   5,1  23,4   13:04    SE
 3  13,5  22,7   15:55   4,4   06:53   5,7   0,9   0,6   3,3  30,6   19:59   SSW
 4  11,8  15,6   16:51   7,1   06:52   6,5   0,0   0,0   5,3  29,5   20:30   ENE
 5   8,3  10,3   00:00   6,4   06:49  10,0   0,0   3,9   3,0  17,3   01:59   ESE
 6   9,3  16,5   17:09   2,4   06:39   9,0   0,0   0,0   3,3  20,9   12:48    NW
 7  12,8  20,6   17:24   3,4   06:26   5,8   0,3   0,0   2,3  28,1   13:27    SW
 8  14,9  23,4   14:51   9,8   02:45   4,2   0,8   0,3   6,4  50,0   16:13   WNW
 9   8,0  11,6   14:47   4,9   06:36  10,3   0,0   1,2  10,9  51,5   15:34    NW
10   6,5   8,3   15:24   4,9   06:24  11,8   0,0   4,5   4,4  20,9   15:24   NNW
11   8,0  14,1   14:12   3,7   05:26  10,3   0,0   0,0   1,8  18,4   14:26   WSW
12  10,1  16,4   14:41   4,0   01:00   8,2   0,0   0,0   1,6  12,2   13:25   SSE
13  10,0  15,5   15:51   4,7   02:32   8,3   0,0   0,0   4,6  30,6   16:18    NW
14   8,6  11,6   13:57   4,7   23:56   9,7   0,0   3,0   9,4  49,0   12:43   WNW
15   5,4  11,1   14:35   2,2   07:36  12,9   0,0   7,8  10,6  47,9   15:01    NW
16   6,1  11,9   16:34   2,5   23:59  12,2   0,0   0,3   7,5  29,5   17:18   NNE
17   6,7  14,0   13:38  -2,5   05:57  11,6   0,0   0,0   2,3  19,4   16:33     S
18   8,5  15,4   12:55   2,9   06:11   9,9   0,0   0,0   3,7  15,8   16:27     W
19  13,5  22,5   15:48   5,1   06:07   5,6   0,8   0,0   7,1  39,2   16:43   NNE
20  13,7  18,7   15:59   9,5   05:45   4,6   0,0   0,0   5,0  23,4   18:17     E
21  13,3  18,8   14:37   6,7   06:07   5,0   0,0   0,0   4,1  25,6   10:52    SE
22  13,6  20,2   15:04   9,4   01:12   4,8   0,1   3,3   2,3  18,4   16:40   SSE
23  15,0  21,4   14:25  10,8   05:14   3,5   0,2   0,9   1,5  13,3   15:40   NNE
24  15,3  22,3   13:32  11,4   23:58   3,5   0,5   1,8   3,2  27,0   14:58   NNE
25  14,7  20,3   13:29   8,2   06:33   3,8   0,2   0,0   2,9  25,6   13:30   ENE
26  14,8  20,3   15:16   9,3   06:27   3,7   0,2   0,0   2,6  23,4   12:09   NNE
27  14,9  21,9   15:44   8,0   03:35   4,0   0,6   0,0   3,7  20,9   16:11   ENE
28  13,7  15,6   13:18  11,1   23:58   4,6   0,0   0,0   3,7  20,9   16:10     N
29  14,6  21,5   16:30   8,6   04:41   4,3   0,6   0,0   2,8  17,3   13:59     N
30  15,7  22,8   16:40   9,8   00:59   3,5   0,9   0,0   2,1  15,8   17:26   NNW
----------------------------------------------------------------------------------
    11,3  23,4     8    -2,5    17   216,8   6,1  27,6   4,4  51,5     9     NNW

Max >=  27,0:  0
Max <=   0,0:  0
Min <=   0,0:  1
Min <= -18,0:  0
Max Rain: 7,8 on day 15
Days of Rain: 11 (>= 0,2 mm)  5 (>= 2,0 mm)  0 (>= 20,0 mm)
Heat Base: 18,3  Cool Base: 18,3  Method: Integration