Jeśli jesteś właścicielem tej strony, możesz wyłączyć reklamę poniżej zmieniając pakiet na PRO lub VIP w panelu naszego hostingu już od 4zł!

NOAA-Style Climate Reports

Select a Year or Month report
2017: Sty Lut Mar Kwi Maj Cze Lip Sie Wrz Paź Lis Gru
2016: Sty Lut Mar Kwi Maj Cze Lip Sie Wrz Paź Lis Gru
2015: Sty Lut Mar Kwi Maj Cze Lip Sie Wrz Paź Lis Gru
2014: Sty Lut Mar Kwi Maj Cze Lip Sie Wrz Paź Lis Gru
2013: Sty Lut Mar Kwi Maj Cze Lip Sie Wrz Paź Lis Gru
2012: Sty Lut Mar Kwi Maj Cze Lip Sie Wrz Paź Lis Gru

Raport dla 2014 Marzec
                   Monthly Climatological Summary for mar 2014

Name: Pogoda-Smolec   City: Smolec   State: Dolnyslask
Elevation: 121 m  Lat: N 51° 05' 13"   Lon: E 016° 54' 22"

                  Temperature (°C), Rain (mm), Wind Speed (km/h)

                                      Heat  Cool        Avg
    Mean                              Deg   Deg         Wind                 Dom
Day Temp  High   Time   Low    Time   Days  Days  Rain  Speed High   Time    Dir
----------------------------------------------------------------------------------
 1   4,8  12,1   15:45  -2,7   06:50  13,5   0,0   0,0   2,1  19,4   12:29   SSE
 2   6,8  15,2   14:45   0,1   06:45  11,4   0,0   0,0   6,0  20,9   23:27   ESE
 3   5,4   9,9   14:57   1,4   00:18  12,9   0,0   0,0   7,4  28,1   05:42    SE
 4   5,8   9,5   12:50   3,6   06:17  12,5   0,0   0,0   3,8  20,9   15:40   ESE
 5   5,4  11,4   15:18  -1,6   06:32  12,6   0,0   0,0   1,6  15,8   09:42   SSE
 6   5,8   8,4   12:21   3,6   06:17  12,5   0,0   0,0   3,0  18,4   14:26     N
 7   4,7   7,1   11:09   0,8   23:34  13,6   0,0   0,0   2,2  17,3   16:40    SE
 8   4,1  12,2   12:33  -2,3   06:46  14,2   0,0   0,0   2,2  17,3   11:32   NNW
 9   4,4  13,3   15:15  -3,9   05:04  14,1   0,0   0,0   2,0  20,9   11:40    SE
10   6,7  15,5   14:56   0,3   06:14  11,6   0,0   0,0   2,8  22,0   08:54    SE
11   6,6  17,1   13:58  -3,5   06:37  11,7   0,0   0,0   2,6  19,4   15:56   NNE
12   5,9  14,3   13:03  -2,8   06:33  12,4   0,0   0,0   1,7  17,3   13:43     N
13   7,3  17,8   15:45  -2,3   06:23  11,0   0,0   0,0   1,4  12,2   12:55    SW
14   9,2  16,5   15:17   0,2   05:17   9,0   0,0   0,0   2,2  17,3   11:47   WNW
15   7,8  11,3   05:26   4,0   00:00  10,5   0,0   0,6  14,8  61,2   09:03    NW
16   8,1  11,2   13:03   5,3   02:22  10,1   0,0   7,5  19,0  58,7   13:11    NW
17  10,5  12,6   14:55   9,0   23:59   7,8   0,0   0,3  16,1  52,6   04:15    NW
18   9,7  12,5   13:56   7,0   05:11   8,6   0,0   0,0   6,4  29,5   12:55   WNW
19   9,1  10,5   22:13   7,4   05:36   9,2   0,0   3,0  10,9  40,3   10:44    NW
20  13,4  21,2   15:28   7,8   06:45   5,1   0,3   0,0   5,4  29,5   09:32     W
21  15,9  22,2   13:12   7,9   02:26   3,3   0,9   0,0   8,4  35,6   12:16   SSW
22  13,8  20,8   14:32   7,4   06:09   4,9   0,4   0,0   3,7  46,4   19:26     S
23   7,9  10,3   09:49   4,6   22:52  10,4   0,0  12,9   7,2  33,1   21:40   NNW
24   3,8   4,6   00:00   3,2   17:57  14,4   0,0   5,1   7,7  27,0   13:27   NNW
25   4,1   8,8   14:43   0,5   22:53  14,2   0,0   3,9   7,3  28,1   06:57    NW
26   5,6  11,6   15:46  -1,7   05:09  12,7   0,0   0,3   2,9  20,9   20:33     E
27   7,3  13,7   13:58  -1,2   06:16  11,0   0,0   0,0   3,0  22,0   13:57   ENE
28   7,8  11,3   15:03   3,9   23:20  10,5   0,0   0,9   2,8  14,8   08:11    NE
29   8,3  15,5   16:27   3,0   01:30  10,0   0,0   0,0   1,8  11,2   13:02    SW
30   8,4  18,8   15:51   0,0   04:21   9,8   0,0   0,0   0,5   9,7   12:51    SE
31   9,4  19,0   14:38   1,1   05:22   8,9   0,0   0,0   3,2  24,5   14:10    NW
----------------------------------------------------------------------------------
     7,5  22,2    21    -3,9     9   334,4   1,6  34,5   5,5  61,2    15      NW

Max >=  27,0:  0
Max <=   0,0:  0
Min <=   0,0: 10
Min <= -18,0:  0
Max Rain: 12,9 on day 23
Days of Rain: 9 (>= 0,2 mm)  5 (>= 2,0 mm)  0 (>= 20,0 mm)
Heat Base: 18,3  Cool Base: 18,3  Method: Integration