Jeśli jesteś właścicielem tej strony, możesz wyłączyć reklamę poniżej zmieniając pakiet na PRO lub VIP w panelu naszego hostingu już od 4zł!

NOAA-Style Climate Reports

Select a Year or Month report
2017: Sty Lut Mar Kwi Maj Cze Lip Sie Wrz Paź Lis Gru
2016: Sty Lut Mar Kwi Maj Cze Lip Sie Wrz Paź Lis Gru
2015: Sty Lut Mar Kwi Maj Cze Lip Sie Wrz Paź Lis Gru
2014: Sty Lut Mar Kwi Maj Cze Lip Sie Wrz Paź Lis Gru
2013: Sty Lut Mar Kwi Maj Cze Lip Sie Wrz Paź Lis Gru
2012: Sty Lut Mar Kwi Maj Cze Lip Sie Wrz Paź Lis Gru

Raport dla 2014 Luty
                   Monthly Climatological Summary for lut 2014

Name: Pogoda-Smolec   City: Smolec   State: Dolnyslask
Elevation: 121 m  Lat: N 51° 05' 13"   Lon: E 016° 54' 22"

                  Temperature (°C), Rain (mm), Wind Speed (km/h)

                                      Heat  Cool        Avg
    Mean                              Deg   Deg         Wind                 Dom
Day Temp  High   Time   Low    Time   Days  Days  Rain  Speed High   Time    Dir
----------------------------------------------------------------------------------
 1   6,1   8,8   12:56   3,2   06:37  12,2   0,0   0,3  12,7  51,5   05:36     S
 2   3,6   6,0   00:24   1,8   23:56  14,8   0,0   0,0   5,3  45,4   00:26     S
 3   2,4   6,6   14:33  -0,1   20:48  15,9   0,0   0,0   3,9  22,0   15:25   SSE
 4   2,6   7,3   14:21  -2,1   04:18  15,7   0,0   0,0   7,0  42,8   23:52     S
 5   3,0   6,8   12:38  -0,5   05:01  15,4   0,0   0,0  11,0  54,0   14:41     S
 6   3,4   8,4   14:48  -0,2   00:28  15,1   0,0   0,0   4,5  23,4   12:50   SSW
 7   3,7   7,4   12:49   0,2   03:01  14,7   0,0   0,0   6,0  28,1   13:00   SSE
 8   6,2  10,8   15:06   2,4   21:03  12,1   0,0   0,0   5,7  28,1   15:49     S
 9   5,2   9,8   10:26   2,6   05:42  13,1   0,0   0,0   3,5  24,5   12:39     S
10   4,6   8,8   14:37   0,5   07:34  13,7   0,0   0,0   5,0  24,5   22:38   SSE
11   5,5   8,6   13:11   0,3   23:39  12,9   0,0   0,9   4,2  18,4   00:35   SSW
12   1,6   6,6   14:22  -3,3   05:09  16,8   0,0   0,0   1,3  11,2   18:44   WSW
13   3,4  10,1   13:43  -1,3   03:16  14,9   0,0   0,0   3,9  19,4   13:59   SSE
14   5,0   8,2   15:20   0,6   23:48  13,3   0,0   0,0   7,6  41,8   03:28   WNW
15   5,4  12,1   14:17   0,0   01:15  12,9   0,0   0,0   5,5  33,1   12:59   SSE
16   7,5   9,7   12:00   3,6   23:55  10,8   0,0   0,3   6,7  29,5   13:38   SSW
17   5,4  10,9   14:11   1,8   23:48  12,8   0,0   0,0   2,3  17,3   12:11   WSW
18   4,9  11,0   11:57  -1,2   06:24  13,4   0,0   0,0   2,9  22,0   21:50     S
19   5,8   8,7   15:21   2,1   02:44  12,5   0,0   0,0   2,8  15,8   10:19   SSW
20   6,7  11,8   13:41   2,3   23:53  11,6   0,0   0,0   3,4  19,4   13:28    SW
21   6,5  13,6   14:10  -0,4   06:24  11,8   0,0   0,0   5,2  34,2   10:12     S
22   6,3  10,2   12:55   1,6   23:59  12,0   0,0   0,0   2,9  18,4   13:35   WNW
23   4,1  12,0   14:36  -3,2   06:13  14,2   0,0   0,0   1,1  12,2   13:27     W
24   3,1   9,5   13:35  -2,1   06:50  15,2   0,0   0,0   4,4  28,1   12:14    SE
25   4,8  11,7   13:28  -5,8   00:58  13,4   0,0   0,0   5,0  20,9   15:13   SSE
26   5,8  11,9   14:24  -0,4   04:40  12,5   0,0   0,0   3,7  23,4   12:58   SSE
27   5,8  10,2   16:25   1,0   23:44  12,5   0,0   0,0   1,3  12,2   11:05   SSW
28   4,2  10,5   13:01  -1,5   03:31  14,1   0,0   0,3   3,3  27,0   14:14     S
----------------------------------------------------------------------------------
     4,7  13,6    21    -5,8    25   380,3   0,0   1,8   4,8  54,0     5       S

Max >=  27,0:  0
Max <=   0,0:  0
Min <=   0,0: 14
Min <= -18,0:  0
Max Rain: 0,9 on day 11
Days of Rain: 4 (>= 0,2 mm)  0 (>= 2,0 mm)  0 (>= 20,0 mm)
Heat Base: 18,3  Cool Base: 18,3  Method: Integration