Jeśli jesteś właścicielem tej strony, możesz wyłączyć reklamę poniżej zmieniając pakiet na PRO lub VIP w panelu naszego hostingu już od 4zł!

NOAA-Style Climate Reports

Select a Year or Month report
2017: Sty Lut Mar Kwi Maj Cze Lip Sie Wrz Paź Lis Gru
2016: Sty Lut Mar Kwi Maj Cze Lip Sie Wrz Paź Lis Gru
2015: Sty Lut Mar Kwi Maj Cze Lip Sie Wrz Paź Lis Gru
2014: Sty Lut Mar Kwi Maj Cze Lip Sie Wrz Paź Lis Gru
2013: Sty Lut Mar Kwi Maj Cze Lip Sie Wrz Paź Lis Gru
2012: Sty Lut Mar Kwi Maj Cze Lip Sie Wrz Paź Lis Gru

Raport dla 2014
                   Annual Climatological Summary for 2014

Name: Pogoda-Smolec   City: Smolec   State: Dolnyslask
Elevation: 121 m  Lat: N 51° 05' 13"   Lon: E 016° 54' 22"

                  Temperature (°C), Heat Base: 18,3  Cool Base: 18,3
                          Dep.  Heat  Cool                       Max  Max  Min  Min
        Mean  Mean        From  Deg   Deg                        >=   <=   <=   <=
 YR MO  Max   Min   Mean  Norm  Days  Days  Hi  Date  Low  Date 27,0  0,0  0,0 -18,0
------------------------------------------------------------------------------------
 14  1   3,7  -1,7   0,9   0.0   540     0  13,2   8 -14,1   25    0    9   16    0
 14  2   9,6   0,1   4,7   0.0   380     0  13,6  21  -5,8   25    0    0   14    0
 14  3  13,4   1,9   7,5   0.0   334     1  22,2  21  -3,9    9    0    0   10    0
 14  4  17,2   5,9  11,3   0.0   216     6  23,4   8  -2,5   17    0    0    1    0
 14  5  19,4   8,9  13,9   0.0   163    26  29,7  23   0,4    4    3    0    0    0
 14  6  23,0  11,5  17,4   0.0    80    54  34,6   9   8,0   25    5    0    0    0
 14  7  27,4  14,2  20,6   0.0    16    51  33,9   7   9,1    2    7    0    0    0
 14  8
 14  9
 14 10
 14 11
 14 12
------------------------------------------------------------------------------------
        16,2   5,8  10,9   0.0  1731   140  34,6 cze -14,1  sty   15    9   41    0

                                Precipitation (mm)

              Dep.   Max        Days of Rain
              From   Obs.           >=
 YR MO Total  Norm   Day Date  0,2  2,0 20,0
---------------------------------------------
 14  1  25,8   0.0   7,2   5    14    4    0
 14  2   1,8   0.0   0,9  11     4    0    0
 14  3  34,5   0.0  12,9  23     9    5    0
 14  4  27,6   0.0   7,8  15    11    5    0
 14  5 100,5   0.0  23,1  27    19   10    1
 14  6  28,8   0.0   8,7  25    12    5    0
 14  7  25,5   0.0  12,3  10     5    2    0
 14  8
 14  9
 14 10
 14 11
 14 12
---------------------------------------------
       244,5   0.0  23,1  maj   74   31    1

                                Wind Speed (km/h)
                          Dom
 YR MO   Avg.  Hi   Date  Dir
------------------------------
 14  1   4,2  55,1   12     S
 14  2   4,8  54,0    5     S
 14  3   5,5  61,2   15    NW
 14  4   4,4  51,5    9   NNW
 14  5   5,3  43,9   15   NNW
 14  6   4,3  39,2   22    NW
 14  7   3,9  33,1    8   SSW
 14  8
 14  9
 14 10
 14 11
 14 12
------------------------------
         4,6  61,2  mar   WNW