Jeśli jesteś właścicielem tej strony, możesz wyłączyć reklamę poniżej zmieniając pakiet na PRO lub VIP w panelu naszego hostingu już od 4zł!

NOAA-Style Climate Reports

Select a Year or Month report
2017: Sty Lut Mar Kwi Maj Cze Lip Sie Wrz Paź Lis Gru
2016: Sty Lut Mar Kwi Maj Cze Lip Sie Wrz Paź Lis Gru
2015: Sty Lut Mar Kwi Maj Cze Lip Sie Wrz Paź Lis Gru
2014: Sty Lut Mar Kwi Maj Cze Lip Sie Wrz Paź Lis Gru
2013: Sty Lut Mar Kwi Maj Cze Lip Sie Wrz Paź Lis Gru
2012: Sty Lut Mar Kwi Maj Cze Lip Sie Wrz Paź Lis Gru

Raport dla 2013 Październik
                   Monthly Climatological Summary for paŸ 2013

Name: Pogoda-Smolec   City: Smolec   State: Dolnyslask
Elevation: 121 m  Lat: N 51° 05' 13"   Lon: E 016° 54' 22"

                  Temperature (°C), Rain (mm), Wind Speed (km/h)

                                      Heat  Cool        Avg
    Mean                              Deg   Deg         Wind                 Dom
Day Temp  High   Time   Low    Time   Days  Days  Rain  Speed High   Time    Dir
----------------------------------------------------------------------------------
 1   8,3  13,6   12:41   3,3   06:57  10,2   0,0   0,0   4,5  29,5   12:49    NE
 2   6,9  10,5   16:07   2,0   23:52  11,2   0,0   0,0   3,8  23,4   12:45    NE
 3   5,1  11,2   15:45  -0,8   07:01  13,2   0,0   0,0   4,0  28,1   13:41    SE
 4   5,8  14,1   15:18  -0,7   05:42  12,5   0,0   0,0   5,6  25,6   14:49    SE
 5   8,5  16,1   15:05   1,7   06:29   9,9   0,0   0,0   4,5  22,0   12:44   SSE
 6   9,6  17,2   14:13   0,9   07:33   8,7   0,0   0,0   1,3  17,3   11:15     W
 7  11,8  13,9   15:25  10,4   07:11   6,7   0,0   5,7   0,4   7,2   01:23   WSW
 8  13,2  19,2   14:33   9,2   23:09   5,1   0,1   0,0   3,6  18,4   11:21    SE
 9  11,9  17,2   12:10   5,7   04:39   6,4   0,0   0,0   1,7   9,7   09:10    SW
10  14,2  19,3   12:10   9,7   06:40   4,2   0,1   0,0   4,4  20,9   14:40     S
11  15,3  21,6   14:10  12,4   23:10   3,3   0,4   0,0   4,2  17,3   16:10   ESE
12  14,0  17,9   14:10  11,2   04:40   4,3   0,0   3,6   3,4  15,8   19:10   ESE
13  10,4  13,9   14:40   4,4   23:40   7,9   0,0   0,0   2,6  22,0   11:40    NW
14   9,2  16,0   13:40   3,6   00:10   9,1   0,0   0,3   2,6  13,3   08:40    SE
15   8,9  13,2   14:40   4,3   04:10   9,4   0,0   0,0   2,0  12,2   10:10    SE
16   9,7  11,0   15:40   8,7   07:10   8,6   0,0   0,3   5,8  22,0   13:10    NW
17  10,0  13,6   14:41   5,4   06:40   8,3   0,0   0,0   5,3  19,4   16:41   SSW
18   9,7  13,1   00:41   3,3   23:41   8,6   0,0   0,3   9,9  40,3   02:41    NW
19   7,1  13,6   13:41  -0,3   04:11  11,2   0,0   0,3   4,2  20,9   12:11   SSE
20  14,2  20,6   14:11   6,7   01:41   4,4   0,3   2,7   4,1  15,8   12:41   SSW
21  14,6  19,7   13:42  10,5   04:11   3,8   0,1   0,3   3,9  22,0   12:42    SW
22  14,7  22,4   14:12   7,8   04:12   4,4   0,8   0,0   3,2  24,5   20:42   SSE
23  17,1  22,6   12:42  11,9   04:42   2,1   0,9   0,0   4,9  13,3   18:12   SSW
24  15,9  20,8   13:12   9,2   23:42   2,8   0,4   0,6   3,8  18,4   12:42    SW
25  11,2  17,4   12:43   5,2   06:12   7,1   0,0   0,0   1,9  11,2   12:43    SE
26  15,3  22,7   13:13   9,6   05:13   3,7   0,7   0,0   3,6  18,4   16:43   SSW
27  16,2  20,8   14:13  12,2   06:43   2,3   0,2   0,0   6,0  23,4   21:43    SW
28  16,4  21,4   14:13  11,0   05:13   2,4   0,5   0,0   8,7  29,5   11:13   SSW
29  14,0  17,5   00:13   9,5   22:43   4,3   0,0   0,0   5,3  22,0   12:13    SW
30   9,6  12,6   14:43   6,0   22:43   8,7   0,0   0,0   4,1  22,0   13:43   WSW
31   6,2  13,3   13:09   0,3   06:43  12,0   0,0   0,0   2,5  18,4   14:11   SSE
----------------------------------------------------------------------------------
    11,5  22,7    26    -0,8     3   216,8   4,5  14,1   3,5  40,3    18       S

Max >=  27,0:  0
Max <=   0,0:  0
Min <=   0,0:  3
Min <= -18,0:  0
Max Rain: 5,7 on day 7
Days of Rain: 9 (>= 0,2 mm)  3 (>= 2,0 mm)  0 (>= 20,0 mm)
Heat Base: 18,3  Cool Base: 18,3  Method: Integration