Jeśli jesteś właścicielem tej strony, możesz wyłączyć reklamę poniżej zmieniając pakiet na PRO lub VIP w panelu naszego hostingu już od 4zł!

NOAA-Style Climate Reports

Select a Year or Month report
2017: Sty Lut Mar Kwi Maj Cze Lip Sie Wrz Paź Lis Gru
2016: Sty Lut Mar Kwi Maj Cze Lip Sie Wrz Paź Lis Gru
2015: Sty Lut Mar Kwi Maj Cze Lip Sie Wrz Paź Lis Gru
2014: Sty Lut Mar Kwi Maj Cze Lip Sie Wrz Paź Lis Gru
2013: Sty Lut Mar Kwi Maj Cze Lip Sie Wrz Paź Lis Gru
2012: Sty Lut Mar Kwi Maj Cze Lip Sie Wrz Paź Lis Gru

Raport dla 2013 Sierpień
                   Monthly Climatological Summary for sie 2013

Name: Pogoda-Smolec   City: Smolec   State: Dolnyslask
Elevation: 121 m  Lat: N 51° 05' 13"   Lon: E 016° 54' 22"

                  Temperature (°C), Rain (mm), Wind Speed (km/h)

                                      Heat  Cool        Avg
    Mean                              Deg   Deg         Wind                 Dom
Day Temp  High   Time   Low    Time   Days  Days  Rain  Speed High   Time    Dir
----------------------------------------------------------------------------------
 1  22,5  29,2   15:43  15,2   04:56   0,4   4,6   0,0   2,7  18,4   11:08    NW
 2  25,0  33,2   16:26  15,6   05:24   0,4   7,0   0,0   2,3  13,3   11:31    SE
 3  26,9  35,8   15:53  18,2   05:16   0,0   8,6   0,0   2,3  15,8   10:51   ESE
 4  23,7  28,4   17:43  20,3   08:06   0,0   5,4  11,4   3,6  23,4   09:06    NE
 5  24,0  30,4   16:20  18,9   06:44   0,0   5,7   0,0   2,1  12,2   16:19   WNW
 6  26,9  35,7   16:11  18,2   05:55   0,0   8,6   0,0   3,3  17,3   10:59   SSE
 7  25,8  32,3   17:01  18,6   05:25   0,0   7,5   0,6   2,5  37,8   01:55   WNW
 8  27,0  33,9   13:16  20,8   23:53   0,0   8,7   2,1   5,0  31,7   23:37   NNW
 9  18,8  21,2   11:59  13,0   23:56   0,6   1,1   9,0   4,6  40,3   20:20   NNW
10  17,3  23,5   17:36  12,4   05:25   2,4   1,4   2,7   4,5  19,4   03:09    NW
11  18,5  24,4   12:18  13,5   06:26   1,5   1,7   0,0   5,5  22,0   14:23   WNW
12  19,0  26,4   17:32  10,3   04:48   2,1   2,8   0,0   2,7  20,9   15:36   SSW
13  17,9  21,9   16:12  14,1   23:52   1,2   0,8   0,0   6,6  37,8   16:53    NW
14  16,3  22,0   16:45  11,9   23:55   2,7   0,7   0,0   6,5  30,6   12:54   WNW
15  16,6  23,5   16:07   8,8   06:26   3,2   1,4   0,0   1,9  18,4   14:29   WNW
16  18,2  26,1   15:59   9,1   06:26   2,9   2,7   0,0   4,1  20,9   12:58   SSE
17  20,8  30,2   16:14  11,6   05:26   1,8   4,3   0,0   3,0  19,4   14:43    SE
18  23,0  32,7   14:14  13,7   05:57   1,1   5,8   0,0   3,2  20,9   12:11   NNW
19  19,4  22,0   14:07  17,2   04:31   0,2   1,4   5,1   1,4  13,3   15:15   WSW
20  16,1  17,3   16:31  14,2   22:59   2,2   0,0   8,4   6,4  29,5   12:58    NW
21  16,1  21,4   13:09  11,5   23:56   2,5   0,3   0,0   2,9  17,3   13:13    NW
22  16,2  23,8   16:54   8,7   06:26   3,4   1,4   0,0   1,9  13,3   12:59     N
23  16,8  23,7   14:19   9,7   05:48   3,1   1,6   0,0   2,4  18,4   14:19   NNE
24  17,5  24,6   16:24  10,3   06:26   2,6   1,8   0,0   3,3  22,0   15:07     E
25  18,0  24,5   14:48  10,1   06:29   2,1   1,8   0,0   4,4  33,1   13:54   ENE
26  17,4  22,6   16:22  13,0   05:27   1,8   0,9   0,0   5,6  27,0   13:17   ENE
27  16,0  20,8   15:58  11,7   05:27   2,7   0,4   0,0   2,7  18,4   14:15     E
28  16,3  21,7   14:07  12,5   00:00   2,7   0,7   2,4   2,0  19,4   13:30   NNE
29  17,5  25,5   14:13  11,6   01:57   2,7   2,0   0,0   3,5  24,5   14:13   NNW
30  18,1  26,2   14:43   9,9   05:59   2,6   2,3   0,0   1,3  14,8   13:28    NW
31  17,7  26,7   14:17  11,6   05:53   2,0   1,4   2,7   1,9  17,3   16:25   WSW
----------------------------------------------------------------------------------
    19,7  35,8     3     8,7    22    50,9  94,8  44,4   3,5  40,3     9     NNW

Max >=  27,0: 10
Max <=   0,0:  0
Min <=   0,0:  0
Min <= -18,0:  0
Max Rain: 11,4 on day 4
Days of Rain: 9 (>= 0,2 mm)  8 (>= 2,0 mm)  0 (>= 20,0 mm)
Heat Base: 18,3  Cool Base: 18,3  Method: Integration