Jeśli jesteś właścicielem tej strony, możesz wyłączyć reklamę poniżej zmieniając pakiet na PRO lub VIP w panelu naszego hostingu już od 4zł!

NOAA-Style Climate Reports

Select a Year or Month report
2017: Sty Lut Mar Kwi Maj Cze Lip Sie Wrz Paź Lis Gru
2016: Sty Lut Mar Kwi Maj Cze Lip Sie Wrz Paź Lis Gru
2015: Sty Lut Mar Kwi Maj Cze Lip Sie Wrz Paź Lis Gru
2014: Sty Lut Mar Kwi Maj Cze Lip Sie Wrz Paź Lis Gru
2013: Sty Lut Mar Kwi Maj Cze Lip Sie Wrz Paź Lis Gru
2012: Sty Lut Mar Kwi Maj Cze Lip Sie Wrz Paź Lis Gru

Raport dla 2013 Czerwiec
                   Monthly Climatological Summary for cze 2013

Name: Pogoda-Smolec   City: Smolec   State: Dolnyslask
Elevation: 121 m  Lat: N 51° 05' 13"   Lon: E 016° 54' 22"

                  Temperature (°C), Rain (mm), Wind Speed (km/h)

                                      Heat  Cool        Avg
    Mean                              Deg   Deg         Wind                 Dom
Day Temp  High   Time   Low    Time   Days  Days  Rain  Speed High   Time    Dir
----------------------------------------------------------------------------------
 1  13,1  15,1   19:56  11,0   02:57   5,2   0,0   6,0   4,4  24,5   08:32   WNW
 2  15,7  20,8   17:10  12,2   05:36   2,9   0,3   0,3   3,4  23,4   23:10    NE
 3  12,6  15,4   00:00  11,6   18:07   5,7   0,0   6,6  12,1  35,6   14:20    NW
 4  12,8  14,3   18:56  11,9   03:38   5,5   0,0   0,3  10,5  29,5   01:06    NW
 5  11,1  12,4   00:00  10,1   06:41   7,3   0,0   2,7   4,0  19,4   09:40   NNW
 6  14,5  17,9   18:22  11,7   00:11   3,8   0,0   0,3   2,4  12,2   09:44   NNW
 7  17,9  25,0   17:44  11,1   03:24   2,2   1,8   0,0   1,5  12,2   13:17   WSW
 8  18,7  26,5   13:58  13,5   05:11   1,4   1,8   8,1   2,1  20,9   15:31   NNW
 9  18,5  26,4   15:26  12,4   03:27   2,1   2,2  11,4   2,4  40,3   20:34   SSE
10  15,8  19,4   13:30  13,4   01:29   2,6   0,0   4,2   3,1  22,0   14:19    NW
11  16,7  21,8   16:39  12,3   06:07   2,3   0,7   0,0   5,4  24,5   13:30     N
12  18,5  25,4   17:00  10,0   04:11   2,5   2,7   0,0   3,0  17,3   10:42    NW
13  20,2  27,4   16:14  11,0   04:41   1,7   3,6   0,0   4,4  23,4   15:34     S
14  18,0  21,8   18:18  14,4   04:52   1,1   0,7   0,0   6,1  36,7   07:07    NW
15  19,3  24,8   16:46  11,5   04:40   1,6   2,7   0,0   3,7  20,9   11:40   SSE
16  20,9  26,1   15:13  15,3   04:12   0,4   3,0   0,0   4,6  19,4   10:19    NW
17  21,7  28,5   16:32  13,3   04:13   1,2   4,6   0,0   2,7  17,3   13:12   ESE
18  24,6  33,9   13:58  17,3   06:07   0,1   6,4   0,0   2,9  27,0   14:59    NE
19  26,1  31,7   16:20  20,0   04:37   0,0   7,8   0,0   3,7  19,4   14:07    SE
20  27,1  34,0   16:08  19,8   05:09   0,0   8,8   0,0   5,1  22,0   12:32    SE
21  23,9  28,7   16:32  20,1   04:44   0,0   5,6   0,0   4,8  37,8   09:56    NW
22  20,7  25,6   16:34  17,6   04:21   0,1   2,5   2,1   2,5  13,3   12:38     S
23  21,3  28,7   14:43  16,9   03:20   0,2   3,2   0,3   2,5  27,0   17:27    NW
24  16,3  18,3   09:57  13,2   23:53   2,0   0,0   2,7   8,4  28,1   15:31    NW
25  12,8  13,8   04:16  11,6   21:56   5,5   0,0  51,3  13,8  47,9   12:49    NW
26  12,1  14,3   16:33  10,7   23:45   6,2   0,0   6,9  11,2  36,7   03:53    NW
27  14,3  19,9   16:45   8,3   04:45   4,2   0,2   0,0   3,1  14,8   11:15   WNW
28  15,3  21,5   13:46   7,9   04:50   3,5   0,5   0,0   1,9  17,3   12:51   SSW
29  16,2  22,8   16:58   9,4   04:42   3,0   0,9   2,1   1,8  15,8   19:24    SW
30  14,1  17,2   14:44  10,7   23:57   4,1   0,0   1,2   7,9  36,7   15:30    NW
----------------------------------------------------------------------------------
    17,7  34,0    20     7,9    28    78,4  60,0 106,5   5,0  47,9    25      NW

Max >=  27,0:  7
Max <=   0,0:  0
Min <=   0,0:  0
Min <= -18,0:  0
Max Rain: 51,3 on day 25
Days of Rain: 16 (>= 0,2 mm)  11 (>= 2,0 mm)  1 (>= 20,0 mm)
Heat Base: 18,3  Cool Base: 18,3  Method: Integration