Jeśli jesteś właścicielem tej strony, możesz wyłączyć reklamę poniżej zmieniając pakiet na PRO lub VIP w panelu naszego hostingu już od 4zł!

NOAA-Style Climate Reports

Select a Year or Month report
2017: Sty Lut Mar Kwi Maj Cze Lip Sie Wrz Paź Lis Gru
2016: Sty Lut Mar Kwi Maj Cze Lip Sie Wrz Paź Lis Gru
2015: Sty Lut Mar Kwi Maj Cze Lip Sie Wrz Paź Lis Gru
2014: Sty Lut Mar Kwi Maj Cze Lip Sie Wrz Paź Lis Gru
2013: Sty Lut Mar Kwi Maj Cze Lip Sie Wrz Paź Lis Gru
2012: Sty Lut Mar Kwi Maj Cze Lip Sie Wrz Paź Lis Gru

Raport dla 2013 Maj
                   Monthly Climatological Summary for maj 2013

Name: Pogoda-Smolec   City: Smolec   State: Dolnyslask
Elevation: 121 m  Lat: N 51° 05' 13"   Lon: E 016° 54' 22"

                  Temperature (°C), Rain (mm), Wind Speed (km/h)

                                      Heat  Cool        Avg
    Mean                              Deg   Deg         Wind                 Dom
Day Temp  High   Time   Low    Time   Days  Days  Rain  Speed High   Time    Dir
----------------------------------------------------------------------------------
19   9,0  12,7   11:10   1,7   10:52   4,5   0,0   0,0  ----   2,4   07:32   SSE
20  21,2  25,1   15:00  17,4   22:45   0,6   2,0   0,0   0,1   1,7   21:28     S
21  16,9  25,2   16:14   7,6   05:24   3,1   1,7   0,0   1,0   8,2   22:58   WNW
22  14,1  22,8   13:15   8,2   23:53   4,7   0,5   0,0   4,8  40,3   20:10   WNW
23  10,4  14,1   14:49   7,1   05:37   7,9   0,0   0,0   4,6  23,4   03:37    NW
24  12,1  13,7   17:00  13,2   13:01   2,8   0,0   0,0   2,6  15,8   23:47   NNW
25  11,5  14,9   17:51   7,7   05:07   6,8   0,0   0,0   8,0  34,2   10:59   WNW
26  11,1  14,8   16:27   7,7   23:00   7,1   0,0   0,0   8,9  36,7   11:29   SSW
27  12,4  17,7   15:09   5,6   04:40   6,0   0,0   0,0   4,8  29,5   23:47     W
28  11,3  13,0   17:35  10,1   03:40   7,0   0,0  14,1   9,0  39,2   06:15   WNW
29  15,1  21,8   15:49   8,6   04:07   3,7   0,5   1,5   3,8  34,2   16:33   SSE
30  14,3  16,1   17:12  12,4   07:10   4,0   0,0   9,3   4,7  23,4   14:12    NW
31  15,7  20,1   15:55  12,1   09:23   2,8   0,2   0,3   4,6  25,6   08:59   SSE
----------------------------------------------------------------------------------
    13,5  25,2    21     0,0    20    61,0   4,9  25,2   5,0  40,3    22       W

Max >=  27,0:  0
Max <=   0,0:  0
Min <=   0,0:  2
Min <= -18,0:  0
Max Rain: 14,1 on day 28
Days of Rain: 4 (>= 0,2 mm)  2 (>= 2,0 mm)  0 (>= 20,0 mm)
Heat Base: 18,3  Cool Base: 18,3  Method: Integration