Jeśli jesteś właścicielem tej strony, możesz wyłączyć reklamę poniżej zmieniając pakiet na PRO lub VIP w panelu naszego hostingu już od 4zł!

NOAA-Style Climate Reports

Select a Year or Month report
2017: Sty Lut Mar Kwi Maj Cze Lip Sie Wrz Paź Lis Gru
2016: Sty Lut Mar Kwi Maj Cze Lip Sie Wrz Paź Lis Gru
2015: Sty Lut Mar Kwi Maj Cze Lip Sie Wrz Paź Lis Gru
2014: Sty Lut Mar Kwi Maj Cze Lip Sie Wrz Paź Lis Gru
2013: Sty Lut Mar Kwi Maj Cze Lip Sie Wrz Paź Lis Gru
2012: Sty Lut Mar Kwi Maj Cze Lip Sie Wrz Paź Lis Gru

Raport dla 2013
                   Annual Climatological Summary for 2013

Name: Pogoda-Smolec   City: Smolec   State: Dolnyslask
Elevation: 121 m  Lat: N 51° 05' 13"   Lon: E 016° 54' 22"

                  Temperature (°C), Heat Base: 18,3  Cool Base: 18,3
                          Dep.  Heat  Cool                       Max  Max  Min  Min
        Mean  Mean        From  Deg   Deg                        >=   <=   <=   <=
 YR MO  Max   Min   Mean  Norm  Days  Days  Hi  Date  Low  Date 27,0  0,0  0,0 -18,0
------------------------------------------------------------------------------------
 13  1
 13  2
 13  3
 13  4
 13  5  17,5   9,1  13,2   0.0    65     4  25,2  21   1,7   19    0    0    0    0
 13  6  22,6  13,0  17,7   0.0    78    60  34,0  20   7,9   28    7    0    0    0
 13  7  27,2  14,3  21,0   0.0    32   115  37,2  28  10,3   16   17    0    0    0
 13  8  26,2  13,4  19,7   0.0    50    94  35,8   3   8,7   22   10    0    0    0
 13  9  17,9   8,9  13,2   0.0   161     9  26,7   8   0,7   29    0    0    0    0
 13 10  16,7   6,3  11,5   0.0   216     4  22,7  26  -0,8    3    0    0    3    0
 13 11   8,6   2,4   5,6   0.0   378     0  16,8   7  -2,9   14    0    0    6    0
 13 12   6,7   0,1   3,2   0.0   439     0  12,1  26  -5,2    4    0    1   16    0
------------------------------------------------------------------------------------
        17,9   8,5  13,2   0.0  1422   289  37,2 lip  -5,2  gru   34    1   25    0

                                Precipitation (mm)

              Dep.   Max        Days of Rain
              From   Obs.           >=
 YR MO Total  Norm   Day Date  0,2  2,0 20,0
---------------------------------------------
 13  1
 13  2
 13  3
 13  4
 13  5  25,2   0.0  14,1  28     4    2    0
 13  6 106,5   0.0  51,3  25    16   11    1
 13  7  22,2   0.0   9,6  29     5    3    0
 13  8  44,4   0.0  11,4   4     9    8    0
 13  9  89,4   0.0  21,0  14    22   12    1
 13 10  14,1   0.0   5,7   7     9    3    0
 13 11  25,2   0.0   3,6   3    18    5    0
 13 12  14,1   0.0   6,6   9    12    2    0
---------------------------------------------
       341,1   0.0  51,3  cze   95   46    2

                                Wind Speed (km/h)
                          Dom
 YR MO   Avg.  Hi   Date  Dir
------------------------------
 13  1
 13  2
 13  3
 13  4
 13  5   5,0  40,3   22     W
 13  6   5,0  47,9   25    NW
 13  7   3,9  37,8   30    NW
 13  8   3,5  40,3    9   NNW
 13  9   4,5  42,8    2   WNW
 13 10   3,5  40,3   18    SE
 13 11   4,7  52,6    4     W
 13 12   6,1  74,5    6   WSW
------------------------------
         4,5  74,5  gru   WNW