Jeśli jesteś właścicielem tej strony, możesz wyłączyć reklamę poniżej zmieniając pakiet na PRO lub VIP w panelu naszego hostingu już od 4zł!

NOAA-Style Climate Reports

Select a Year or Month report
2017: Sty Lut Mar Kwi Maj Cze Lip Sie Wrz Paź Lis Gru
2016: Sty Lut Mar Kwi Maj Cze Lip Sie Wrz Paź Lis Gru
2015: Sty Lut Mar Kwi Maj Cze Lip Sie Wrz Paź Lis Gru
2014: Sty Lut Mar Kwi Maj Cze Lip Sie Wrz Paź Lis Gru
2013: Sty Lut Mar Kwi Maj Cze Lip Sie Wrz Paź Lis Gru
2012: Sty Lut Mar Kwi Maj Cze Lip Sie Wrz Paź Lis Gru

Raport dla 2012 Wrzesień
                   Monthly Climatological Summary for wrz 2012

Name: Pogoda-Smolec   City: Smolec   State: Dolnyslask
Elevation: 121 m  Lat: N 51° 05' 13"   Lon: E 016° 54' 22"

                  Temperature (°C), Rain (mm), Wind Speed (km/h)

                                      Heat  Cool        Avg
    Mean                              Deg   Deg         Wind                 Dom
Day Temp  High   Time   Low    Time   Days  Days  Rain  Speed High   Time    Dir
----------------------------------------------------------------------------------
10  17,8  22,9   19:55  16,1   23:50   0,1   0,1   0,0  ----   0,7   21:53     S
11  23,5  31,2   10:20  13,1   05:50   1,1   6,4   0,9  ----   6,8   16:27     S
12  15,0  20,4   01:39  10,8   23:58   3,6   0,1  15,6  ----   7,1   11:36   NNW
13  12,1  17,4   17:53   9,4   23:56   6,2   0,0   9,9  ----   5,1   15:52   NNW
14  14,5  22,9   15:11   5,2   05:59   4,8   0,9   0,0   0,9   7,1   17:38   SSW
15  15,8  19,8   12:51  12,9   06:20   2,5   0,0   0,0   2,6   9,9   07:57    NW
16  17,4  24,8   13:49  12,8   23:51   2,2   1,3   0,0   0,9   4,4   14:09    SW
17  17,3  27,7   14:13   9,9   05:51   3,1   2,1   0,0   0,9   5,8   09:42   SSW
18  18,2  27,4   15:21   8,4   06:21   2,9   2,8   0,0   1,3   7,8   13:21   SSW
19  13,2  16,5   16:15  10,2   23:55   5,2   0,0   6,3   1,4   9,5   06:12   WNW
20  11,2  19,1   14:53   6,1   23:54   7,1   0,0   0,0   1,2   6,8   13:22    NW
21  12,2  22,1   09:55   1,8   06:40   6,7   0,5   0,0   0,7   5,1   13:30   SSE
22  12,3  19,7   16:39   7,2   01:57   6,1   0,0   0,0   1,9  15,3   17:02    SW
23  12,0  20,5   17:06   6,8   06:51   6,4   0,1   0,0   1,0   6,1   10:42   WNW
24  15,1  23,7   16:50   7,6   06:33   4,2   1,1   0,0   1,2   6,8   13:59   ESE
25  18,6  26,1   15:58  13,8   06:52   1,6   1,9   0,0   1,3   6,8   14:43   SSW
26  18,3  29,3   14:45  10,5   06:22   2,5   2,5   0,0   1,3   7,1   15:41   SSE
27  16,6  23,1   16:51  13,6   21:45   2,0   0,3   0,0   1,5  11,2   09:43     W
28  15,4  21,8   15:35   8,3   23:53   3,0   0,1   0,0   1,2   7,1   10:19    SW
29  14,8  24,1   15:46   7,3   06:53   4,5   0,9   1,8   0,8   4,1   13:29   SSW
30  13,5  22,4   16:23   6,6   23:38   5,3   0,4   0,0   1,0   5,4   09:26    NW
----------------------------------------------------------------------------------
    15,5  31,2    11     1,8    21    81,1  21,5  34,5   1,2  15,3    22     WSW

Max >=  27,0:  4
Max <=   0,0:  0
Min <=   0,0:  0
Min <= -18,0:  0
Max Rain: 15,6 on day 12
Days of Rain: 5 (>= 0,2 mm)  3 (>= 2,0 mm)  0 (>= 20,0 mm)
Heat Base: 18,3  Cool Base: 18,3  Method: Integration